*i + 32. Calculate k(21).
-10
Let k(d) = 14*d + 12. Calculate k(2).
40
Let v(x) = -18*x - 24. Determine v(-3).
30
Let d(n) = n**3 - 10*n**2 + 16*n - 24. Give d(8).
-24
Let o(a) = -9*a + 34. Calculate o(4).
-2
Let b(u) = 12*u**2 + 19*u - 18. Determine b(1).
13
Let p(j) = j - 5. Determine p(6).
1
Let o(c) = -c**2 - 3*c + 50. Calculate o(-8).
10
Let h(y) = -3*y - 4. What is h(1)?
-7
Let o(n) = n**3 - n**2 + 6*n - 10. Calculate o(-4).
-114
Let g(c) = -27*c - 31. Give g(-1).
-4
Let p(f) = -f - 6. Determine p(5).
-11
Let v(y) = 6*y - 4. Give v(6).
32
Let m(y) = 34*y + 345. Calculate m(-10).
5
Let y(q) = -q**3 + 5*q**2 + 22*q. What is y(-3)?
6
Let n(s) = -s**2 + 2*s + 1. Determine n(2).
1
Let m(d) = -7*d - 23. What is m(-5)?
12
Let n(h) = h**3 - 3*h**2 - h + 1. Calculate n(3).
-2
Let a(d) = -2*d**2 - 5*d + 21. Calculate a(-8).
-67
Let r(a) = -3*a**2 + 23*a + 9. Determine r(12).
-147
Let g(i) = i**3 - 9*i**2 + 2*i - 15. What is g(9)?
3
Let w(j) = -2*j + 4. Determine w(-2).
8
Let b(r) = r - 4. Determine b(6).
2
Let j(i) = 2*i**2 + 35*i + 152. Give j(-7).
5
Let q(n) = 19*n - 138. Give q(7).
-5
Let k(f) = -6*f**2 - 5*f + 7. What is k(2)?
-27
Let c(t) = 4*t + 14. Calculate c(4).
30
Let t(w) = -10*w**3 + 3*w**2 + 4*w - 1. Calculate t(-2).
83
Let a(z) = 5*z + 7. Calculate a(-4).
-13
Let x(n) = n**2 - 4*n + 2. Determine x(8).
34
Let y(h) = h**2 - 3. Give y(2).
1
Let n(d) = -d**2 + 15*d + 23. Calculate n(18).
-31
Let y(b) = b**2 - 24*b + 18. What is y(24)?
18
Let u(j) = -j**3 - 5*j**2 + 5*j - 4. Determine u(-6).
2
Let p(m) = -6*m**2 + 36*m + 2. Calculate p(6).
2
Let f(y) = -14*y**3 - 2*y**2 + y. Give f(1).
-15
Let f(q) = q**3 - 10*q**2 - q + 12. What is f(10)?
2
Let n(v) = 55*v**3 - 2*v**2 + 1. Give n(1).
54
Let l(q) = -q**2 + 7*q - 6. Give l(0).
-6
Let t(b) = 2*b**2 + 78*b - 79. Give t(-40).
1
Let x(o) = o**2 + 23*o + 2. Calculate x(-23).
2
Let a(v) = -v + 5. Give a(8).
-3
Let f(a) = 7*a - 5. Give f(-2).
-19
Let z(i) = -3*i - 51. Calculate z(-19).
6
Let r(k) = -7*k - 5. Determine r(-1).
2
Let g(a) = 12*a**2 + 12*a - 11. Give g(1).
13
Let n(k) = k**3 - 9*k**2 - 4*k - 18. Determine n(10).
42
Let q(n) = -n**3 - 6*n**2 + 3*n + 18. Give q(-6).
0
Let l(f) = -8*f + 2. Give l(-3).
26
Let d(p) = -2*p**2 - 29*p + 7. Calculate d(-14).
21
Let y(g) = g - 5. Calculate y(4).
-1
Let y(s) = -s**2 + 7*s - 8. Give y(3).
4
Let x(i) = i**3 - 2*i**2 + 2*i + 1. Calculate x(2).
5
Let j(v) = 8*v**2 + 39*v + 26. Give j(-4).
-2
Let b(r) = 4*r**2 - 39*r - 21. What is b(10)?
-11
Let k(u) = -u + 21. Determine k(9).
12
Let t(v) = v**2 - 47*v + 185. Calculate t(42).
-25
Let z(l) = -3*l**2 - 33*l + 64. Determine z(-13).
-14
Let h(y) = 3*y**2 - 2*y + 6. Determine h(-4).
62
Let t(o) = -o**2 + 39*o - 212. Give t(6).
-14
Let y(f) = 2*f**2 - 29*f + 19. What is y(11)?
-58
Let n(o) = o**2 + 3*o - 3. Give n(-3).
-3
Let j(t) = 11*t. Determine j(-4).
-44
Let f(w) = -2*w**3 - 4*w**2 + 3*w - 5. Give f(-5).
130
Let g(v) = v**2 + 17*v + 68. Give g(-7).
-2
Let g(y) = -23*y**2 + 17*y + 17. Determine g(-1).
-23
Let w(l) = -l**3 + 11*l**2 - 7. Calculate w(3).
65
Let m(z) = -9*z**3 + z**2 - z - 1. What is m(-1)?
10
Let i(l) = -6*l + 116. Give i(18).
8
Let j(i) = 12*i**2 + 3*i + 1. What is j(-2)?
43
Let y(o) = 32*o**3 + 1. What is y(-1)?
-31
Let w(t) = t**3 + 5*t**2 - 8*t - 45. Calculate w(-5).
-5
Let q(a) = a**2 + 4*a + 9. Give q(-6).
21
Let v(j) = -4*j + 18. Calculate v(5).
-2
Let q(l) = -5*l**3 - l**2 - 2*l + 1. Calculate q(-2).
41
Let w(s) = s**2 + 7*s - 42. Determine w(6).
36
Let u(a) = -a**2 - 5*a - 1. Calculate u(-5).
-1
Let j(u) = u**2 + 8*u + 6. What is j(-4)?
-10
Let o(h) = h**3 - 4*h**2 - 8*h - 7. Give o(6).
17
Let q(p) = p**2 - 10*p + 5. Give q(10).
5
Let d(l) = l**3 - 4*l**2 - 14*l + 18. Give d(6).
6
Let l(y) = -2*y**3 + 32*y**2 - 2. What is l(16)?
-2
Let y(l) = 2*l + 1. Determine y(2).
5
Let z(o) = -5*o - 4. What is z(-2)?
6
Let c(o) = -o**3 + 10*o**2 + 3*o - 10. What is c(10)?
20
Let i(y) = -2*y - 7. Give i(-10).
13
Let z(d) = -d**3 + d**2 + 4*d - 3. What is z(4)?
-35
Let t(m) = -4*m**2 + 3. Calculate t(-4).
-61
Let v(b) = b**3 - b**2 - 2*b. Give v(-1).
0
Let q(x) = 3*x**3 - 3*x**2 + 4*x - 2. Determine q(1).
2
Let v(u) = 4*u**3 + 7*u + 8. Calculate v(-3).
-121
Let n(g) = -g**3 - 5*g**2 - 5*g - 2. Give n(-4).
2
Let f(u) = -u**3 - 21*u**2 - 53*u - 3. Determine f(-18).
-21
Let y(h) = h**3 + 11*h**2 - 12*h - 4. Calculate y(-12).
-4
Let o(t) = 51*t + 107. Determine o(-2).
5
Let s(f) = -f**3 - 2*f**2 - f - 1. Give s(0).
-1
Let g(b) = -19*b - 60. What is g(-3)?
-3
Let b(z) = -4*z**2 - 4*z + 1. Calculate b(-3).
-23
Let n(q) = 20*q - 238. Determine n(12).
2
Let q(m) = -4*m - 59. Determine q(-16).
5
Let l(p) = -3*p + 17. What is l(6)?
-1
Let p(s) = s**2 - 14*s - 99. Give p(19).
-4
Let b(n) = 3*n**3 - 3*n**2 + 3*n - 2. What is b(3)?
61
Let j(x) = -2*x**3 + 4*x**2 + 4. Give j(3).
-14
Let w(h) = 7*h - 7. What is w(5)?
28
Let s(k) = -k + 19. Calculate s(6).
13
Let n(v) = -v**3 + 22*v**2 - 39*v - 37. Determine n(20).
-17
Let t(r) = -2*r**2 - 25*r - 18. Determine t(-12).
-6
Let l(s) = -4*s - 99. Calculate l(-23).
-7
Let m(v) = -5*v. What is m(-4)?
20
Let s(h) = -2*h**3 - 37*h**2 + 17*h - 49. What is s(-19)?
-11
Let l(f) = -f**3 - 4*f**2 - 6*f. Calculate l(0).
0
Let c(a) = -a**3 + 17*a**2 - 50*a - 29. Determine c(13).
-3
Let u(c) = c**3 - 23*c**2 + 59*c + 10. What is u(20)?
-10
Let j(s) = 2*s**2 + 31*s + 106. Give j(-11).
7
Let u(b) = b**2 - 6. Calculate u(-5).
19
Let a(t) = t**3 + 3*t**2 + t + 12. Calculate a(0).
12
Let l(h) = 3*h**2 - 2*h + 1. What is l(2)?
9
Let y(h) = -20*h - 4. Give y(-2).
36
Let k(g) = 4*g**2. Give k(1).
4
Let m(d) = -7*d - 78. Calculate m(-12).
6
Let d(o) = o**3 - 2*o**2 - 2. Calculate d(4).
30
Let t(f) = 2*f**3 - 22*f**2 - f + 8. What is t(11)?
-3
Let h(z) = -z**3 + 15*z**2 - z + 13. Determine h(15).
-2
Let w(h) = 2*h**3 + 40*h**2 + 2*h + 38. Give w(-20).
-2
Let b(k) = 7*k - 44. Give b(8).
12
Let v(c) = -7*c + 4. What is v(-7)?
53
Let i(q) = -q + 23. Calculate i(29).
-6
Let m(t) = 6*t**3 + 14*t**2 + 6*t + 6. Calculate m(-2).
2
Let d(z) = z**3 - 3*z**2 - 22. Determine d(5).
28
Let x(t) = t**2 + 6*t - 13. Give x(-10).
27
Let o(s) = -16*s + 25. What is o(0)?
25
Let z(w) = -w**3 - 3*w + 3. Determine z(2).
-11
Let r(m) = -m**3 + 6*m**2 + m + 6. What is r(6)?
12
Let d(p) = 2*p**2 + 26*p - 1. Calculate d(-14).
27
Let f(k) = -3*k + 5. What is f(6)?
-13
Let j(m) = 7*m - 34. Calculate j(4).
-6
Let n(k) = -k**2 + 8*k + 105. What is n(15)?
0
Let w(r) = 16*r**2 - 1. Calculate w(1).
15
Let b(a) = a**3 + 17*a**2 + 13. Give b(-17).
13
Let b(z) = 24*z - 9. Determine b(2).
39
Let d(v) = v + 8. Give d(-15).
-7
Let k(a) = 2*a**3 - 2*a**2 - 4*a - 1. Give k(3).
23
Let u(g) = -2*g**2 - 27*g - 25. Calculate u(-12).
11
Let m(l) = l**3 + 9*l**2 + 5*l + 5. Give m(-9).
-40
Let x(d) = d**2 + 17*d + 14. Determine x(-11).
-52
Let k(m) = -m**3 + 8*m**2 - 4*m + 14. Calculate k(8).
-18
Let q(l) = 8*l**3 + l**2 - 2*l - 3. Calculate q(-1).
-8
Let q(v) = 6*v**3 + 2*v**2 - 1. Calculate q(-2).
-41
Let l(i) = i**2 - 13*i + 13. Determine l(9).
-23
Let a(c) = -7*c**3 + c**2 - c - 2. Calculate a(-1).
7
Let k(d) = 2*d + 8. Determine k(1).
10
Let r(l) = 2*l**3 - 23*l**2 + 13*l - 19. Give r(11).
3
Let r(m) = m**3 + 4*m**2 - 2*m - 3. What is r(-3)?
12
Let f(t) = 6*t - 14. Calculate f(-10).
-74
Let q(a) = 10*a - 4. Calculate q(-1).
-14
Let p(v) = -2*v**2 + 11*v + 8. Calculate p(6).
2
Let s(n) = 127*n**3 - 2*n**2 - 2*n - 1. Give s(-1).
-128
Let d(c) = -5*c**2 - 2*c. What is d(2)?
-24
Let y(c) = -10*c - 6. Give y(2).
-26
Let c(u) = u**3 - 7*u**2 + 11*u - 3. Determine c(4).
-7
Let a(h) = -h**2 - 48*h - 170. Give a(-44).
6
Let d(k) = -17*k + 5. Calculate d(-3).
56
Let r(f) = -f**2 + 2*f + 33. Give r(7).
-2
Let y(d) = -5*d**2 + 4*d - 4. What is y(3)?
-37
Let s(f) = -f**3 - 6*f**2 + 3*f + 19. Calculate s(-6).
1
Let i(h) = h**2 - 14*h + 16. What is i(9)?
-29
Let i(c) = 4*c - 43. What is i(12)?
5
Let x(u) = -u + 19. Give x(9).
10
Let c(d) = -d**2 - 16*d - 35. What is c(-15)?
-20
Let s(k) = k + 13. What is s(-7)?
6
Let u(r) = r**3 + 15*r**2 + 12*r + 17. What is u(-14)?
45
Let t(f) = -6*f**2 + 59*f + 13. Calculate t(10).
3
Let o(r) = -16*r - 4. Give o(2).
-36
Let y(u) = -u**3 - u**2 + 2*u + 1. Calculate y(-1).
-1
Let j(q) = -q - 5. Calcula